3 - 2*i. Let l be q(-6). Calculate the greatest common factor of 10 and l.
5
Suppose -55 = -4*c + 33. Let z be 270/75 - 2*(-2)/10. Suppose -z*l = -2*m - 3*l + 106, 271 = 5*m - l. What is the greatest common divisor of m and c?
11
Suppose 15 = 3*f + 2*f. Let a be (-8 + 2)/(f*(-2)/160). What is the highest common factor of 64 and a?
32
Suppose 4*d = 3*y + 211, 0 = -3*d - y - 3*y + 177. Let m = 29 + 1. Let p = m + -25. What is the greatest common divisor of d and p?
5
Let x be (2 + 1)*2/(-6). Let i be x/(1/2) - -44. Suppose -21 = -3*q + d, -4*q - d + 16 = -5. Calculate the highest common divisor of q and i.
6
Let j be -3 + (-20)/4 + -2 + 0. Let t = j - -17. Calculate the greatest common factor of t and 21.
7
Let a = 20 + 828. What is the greatest common divisor of a and 53?
53
Let f(s) = s**2 + 3*s - 15. Let j be f(-6). Suppose -j*g = -12*g + 63. What is the greatest common divisor of 56 and g?
7
Let a(m) = m**3 - 14*m**2. Let f be a(14). Suppose 0*w + 4*w - 64 = f. Suppose -160 = -6*j + j. What is the highest common divisor of j and w?
16
Let a be (9/(-6))/((-12)/32). Suppose -a*o + 7*o - 150 = 0. Let v be (4/8)/(1/o). Calculate the highest common factor of v and 200.
25
Let v(r) = -r**3 - 6*r**2 - 2*r - 3. Let z be v(-6). Let h be -7*4/(28/(-3)). Let p = h + z. Calculate the highest common divisor of 12 and p.
12
Let b be ((-7)/(-7))/(1 - 2). Let c be (b - 0)/((-8)/200). Calculate the greatest common divisor of c and 10.
5
Let d = 21 + 82. Suppose -d = 3*f - 31. Let q = 9 - f. Calculate the greatest common factor of q and 3.
3
Let v be ((-8832)/230)/(2/(-5)). What is the greatest common divisor of v and 4?
4
Suppose 0*j - 4*h = -2*j - 128, h - 177 = 3*j. Let r = 73 + j. Calculate the highest common divisor of r and 25.
5
Let c(r) = -31*r - 21. Let d be c(-3). What is the highest common divisor of d and 16?
8
Suppose -170*t = -123*t - 752. Let u = 0 - -2. Calculate the greatest common factor of t and u.
2
Let i(y) = 38*y - 1. Let v be (2/4)/(2/20). Let a(f) = 19*f - 1. Let p(x) = v*a(x) - 2*i(x). Let d be p(2). What is the highest common factor of 14 and d?
7
Let n = 227 - 201. Calculate the greatest common factor of n and 13.
13
Suppose -33*o + 7280 = 7*o. Calculate the highest common factor of o and 104.
26
Let a(g) = 9*g. Let x be a(7). What is the greatest common factor of 28 and x?
7
Let x(g) = -8*g**3 - g - 2. Let j be x(-1). What is the highest common factor of 49 and j?
7
Let l be 3/2*4/2. Suppose 5*x = -l*n + 136 + 260, 15 = -5*n. Calculate the highest common divisor of x and 54.
27
Let g be (0 + 6)*40/6. Let b(q) = 2*q + 10. Suppose -2*s - 2*a = -s, -s = -4*a. Let x be b(s). Calculate the highest common factor of x and g.
10
Suppose 0*v - 2*v + 8 = 0. Suppose -p - 2 = 2*c, 0 = v*p + 3*c + 2*c - 4. Suppose p + 10 = 4*t. Calculate the highest common divisor of t and 20.
4
Let d = 55 - 7. Let i be 8/d - (-383)/6. Let z(u) = 24*u**2. Let x be z(2). What is the greatest common factor of x and i?
32
Let t(y) = 36*y + 55. Let f be t(-1). Calculate the highest common factor of 1216 and f.
19
Let b = 14986 - 14914. Suppose -12 = 4*x, -4*n + 0*x + 42 = -2*x. What is the greatest common factor of n and b?
9
Let s = 13 - 13. Suppose 5*k + q - 185 = 0, s*k = -5*k - 2*q + 190. Calculate the highest common factor of k and 3.
3
Suppose 2*f - 6 = -0. Suppose 0 = -f*w - 3*h + 9, -1 + 19 = w + 4*h. Let n be (-26)/w - 1 - 0. What is the greatest common divisor of 96 and n?
12
Suppose -4*u = 3*u + 7. Let h be u - (-28 - (-12)/(-4)). What is the highest common divisor of h and 20?
10
Let n(c) = -50*c - 348. Let v be n(-7). Calculate the highest common divisor of 5 and v.
1
Suppose -3*j + 76 = -5*i, -118 = -2*j - 3*j + 4*i. Calculate the highest common factor of 22 and j.
22
Let a = -14 + 20. Let s(u) = 3*u + 0 - 6 - u + 2*u. Let h be s(a). What is the highest common divisor of h and 2?
2
Let i(y) = -4*y**3 - 4*y**2 + 3 + 2*y**3 + 5*y**3. Let k be i(3). Calculate the greatest common factor of 6 and k.
6
Let u = 2 + -33. Let s = u + 46. Suppose 3*z = 135 - s. Calculate the greatest common factor of 8 and z.
8
Let c(j) = 16*j**3 - 3*j**2 + 4*j - 3. Let a = -5 + 7. Let d be c(a). Suppose 5*h = 30 + 25. Calculate the greatest common factor of h and d.
11
Suppose 4*w = 3*q - 137, 4*q - 48 - 88 = -4*w. What is the highest common factor of 3 and q?
3
Let l be 1 - (-4 - 2*-4). Let z = l + 12. Calculate the highest common factor of z and 36.
9
Suppose -5*q = -q. Let u(o) = -6*o + 339. Let s be u(44). Suppose -3*h = -j + 78, q = -2*j + h + s + 56. Calculate the greatest common factor of 21 and j.
21
Let m(q) = 3*q**3 - 8*q**2 - 7*q + 12. Let c be m(4). What is the highest common divisor of c and 168?
24
Let w be ((-430)/(-70) - 6)*427. Calculate the highest common factor of 549 and w.
61
Suppose -25 = 5*c + 5*i, -c - 3*c + 25 = -5*i. Let j = c - -100. What is the highest common factor of 20 and j?
20
Let h = -6 - -13. Suppose -h*q + 63 = -0*q. Calculate the highest common divisor of 1 and q.
1
Let p = -1682 - -3074. What is the highest common factor of 48 and p?
48
Suppose -5*i - 10 + 300 = 0. Suppose -v + 4*w = 3, 4*v = -w + i - 19. Calculate the highest common factor of v and 18.
9
Suppose 5*h - 660 = 11*h. Let q be h*-2*21/12. What is the highest common factor of 35 and q?
35
Let z be (66/15 + -8)*-45. Calculate the highest common divisor of z and 54.
54
Let s be (-5 + -2)*4/(-14). Suppose s*g - 4*g = -96. Let v be (-2 - 0) + 6 + 2. Calculate the greatest common divisor of g and v.
6
Let d(m) = 9*m**3 + m**2 + 2*m + 2. Let k be d(-1). Let a(g) = g**3 + 7*g**2 - 10*g - 4. Let s be a(k). Calculate the highest common factor of 6 and s.
6
Suppose 3*r - 25 = -1. Let q(l) = -l**3 + 7*l**2 + 8*l + 5. Let t be q(r). Let s = 1 + t. What is the highest common divisor of 15 and s?
3
Let f = -3 - -5. Suppose -f*x + q + 65 = 0, x - q - 35 = -0*q. Let m = x - 2. Calculate the greatest common divisor of m and 70.
14
Let q(m) = m**3 + 6*m**2 - 4*m - 5. Let t be q(-6). Let s = -399 + 532. Calculate the greatest common factor of s and t.
19
Suppose 0*j + 2*j = -3*r + 111, 3*j = -4*r + 147. What is the highest common divisor of 390 and r?
39
Let f = 108 + 12. Calculate the highest common divisor of f and 200.
40
Suppose 0 = -172*h + 175*h - 2010. Let d be (-4)/(-6) - h/(-3). Calculate the highest common divisor of 14 and d.
14
Let n be 32/(-16)*(-39)/2. Let y be (-2)/(-6) + 9928/51. Calculate the highest common divisor of y and n.
39
Suppose -2*q + 90 = 3*s, 0 = -0*s + s. Let c = 69 - q. Suppose -5*i + 3*x - c = -66, 5*i + 5*x = 50. Calculate the greatest common divisor of 9 and i.
9
Let s = 423 + -379. Suppose h + 550 = 6*h. Calculate the greatest common divisor of h and s.
22
Let f(r) = 7*r**2 - 10*r + 2. Let j(y) = y**3 - 3*y**2 - y - 5. Let s be j(4). Let d be f(s). What is the greatest common factor of d and 25?
25
Suppose 95 = 2*w + 2*z + 3*z, z - 83 = -2*w. What is the highest common factor of 10 and w?
10
Let v(x) be the second derivative of x**4/4 - x**3/2 - 5*x**2/2 + 8*x. Let f be v(-2). What is the greatest common factor of 52 and f?
13
Let l be 0 - -6 - (-2 - -15)*-1. Calculate the highest common factor of 5 and l.
1
Suppose 12*b + 12 = 60. Suppose b*w - 220 = -w. Let g = 27 - 16. What is the greatest common factor of w and g?
11
Suppose 6*s = 3*s - 4*f + 31, -2*s + 3*f = 2. Suppose -2*z + 4*z + 44 = 0. Let m = 32 + z. Calculate the greatest common factor of s and m.
5
Let h be -15*6/54*-3. Calculate the highest common factor of 15 and h.
5
Suppose 1357 = -61*l + 4285. Suppose -3*a = -43 - 29. What is the greatest common factor of a and l?
24
Let q be (-27)/18 + 501/2. Let z be (-1 - q)*4/24*-3. Calculate the highest common factor of 25 and z.
25
Let v(p) = -2*p + 18. Let a be v(8). Let j be a/((6/(-16))/(12/(-16))). Calculate the greatest common factor of 28 and j.
4
Suppose 48*g + 18 = 57*g. Suppose 2*o + 15 = r, -g*r + 7*r = 3*o + 75. Calculate the greatest common divisor of 165 and r.
15
Suppose 8*m - 1154 - 142 = 0. What is the highest common divisor of 297 and m?
27
Let g(t) = t + 8. Suppose 2*m = -0*m - 10. Let v be g(m). Suppose 0 = -5*o + 88 - v. What is the highest common factor of 136 and o?
17
Let o = 228 + -42. Let y = 304 - o. Let u = -82 + y. What is 